{"id":17358,"date":"2024-05-01T13:49:56","date_gmt":"2024-05-01T13:49:56","guid":{"rendered":"https:\/\/test.tfciadedanca.mazaltec.com.br\/espetaculo\/corpos-de-fronteira-danca-nas-bordas\/"},"modified":"2026-04-28T19:05:46","modified_gmt":"2026-04-28T19:05:46","slug":"corpos-de-fronteira-danca-nas-bordas","status":"publish","type":"tribe_events","link":"https:\/\/test.tfciadedanca.mazaltec.com.br\/en\/spectacle\/corpos-de-fronteira-danca-nas-bordas\/","title":{"rendered":"Corpos de Fronteira &#8211; Dan\u00e7a nas Bordas"},"content":{"rendered":"<p dir=\"ltr\"><em><strong><span class=\"il\">Corpos de Fronteira n 7\u00aa Edi\u00e7\u00e3o do Dan\u00e7a<\/span> nas Bordas<\/strong><\/em><\/p>\n<p dir=\"ltr\">Programa\u00e7\u00e3o<br \/>\nDe 22 de Abril a 19 de Maio de 2024<\/p>\n<p dir=\"ltr\"><strong>Corpos de Fronteira &#8211; Dia 11 de maio, 19h<\/strong><\/p>\n<p>Espa\u00e7o Cultural CITA<strong><br \/>\n<\/strong>Rua Aroldo de Azevedo, 20, Jardim Bom Refugio, S\u00e3o Paulo \/ SP &#8211; CEP: 05.788-230<\/p>\n<p>Gr\u00e1tis<\/p>\n","protected":false},"excerpt":{"rendered":"<p>Corpos de Fronteira n 7\u00aa Edi\u00e7\u00e3o do Dan\u00e7a nas Bordas Programa\u00e7\u00e3o De 22 de Abril a 19 de Maio de 2024 Corpos de Fronteira &#8211; Dia 11 de maio, 19h Espa\u00e7o Cultural CITA Rua Aroldo de Azevedo, 20, Jardim Bom Refugio, S\u00e3o Paulo \/ SP &#8211; CEP: 05.788-230 Gr\u00e1tis<\/p>\n","protected":false},"author":2,"featured_media":17359,"template":"","meta":{"_tribe_events_status":"","_tribe_events_status_reason":"","_tribe_events_is_hybrid":"","_tribe_events_is_virtual":"","_tribe_events_virtual_video_source":"","_tribe_events_virtual_embed_video":"","_tribe_events_virtual_linked_button_text":"","_tribe_events_virtual_linked_button":"","_tribe_events_virtual_show_embed_at":"","_tribe_events_virtual_show_embed_to":[],"_tribe_events_virtual_show_on_event":"","_tribe_events_virtual_show_on_views":"","_tribe_events_virtual_url":"","footnotes":""},"tags":[],"tribe_events_cat":[111,110],"class_list":["post-17358","tribe_events","type-tribe_events","status-publish","has-post-thumbnail","hentry","tribe_events_cat-apresentacoes","tribe_events_cat-espetaculos","cat_apresentacoes","cat_espetaculos"],"_links":{"self":[{"href":"https:\/\/test.tfciadedanca.mazaltec.com.br\/en\/wp-json\/wp\/v2\/tribe_events\/17358","targetHints":{"allow":["GET"]}}],"collection":[{"href":"https:\/\/test.tfciadedanca.mazaltec.com.br\/en\/wp-json\/wp\/v2\/tribe_events"}],"about":[{"href":"https:\/\/test.tfciadedanca.mazaltec.com.br\/en\/wp-json\/wp\/v2\/types\/tribe_events"}],"author":[{"embeddable":true,"href":"https:\/\/test.tfciadedanca.mazaltec.com.br\/en\/wp-json\/wp\/v2\/users\/2"}],"version-history":[{"count":1,"href":"https:\/\/test.tfciadedanca.mazaltec.com.br\/en\/wp-json\/wp\/v2\/tribe_events\/17358\/revisions"}],"predecessor-version":[{"id":17360,"href":"https:\/\/test.tfciadedanca.mazaltec.com.br\/en\/wp-json\/wp\/v2\/tribe_events\/17358\/revisions\/17360"}],"wp:featuredmedia":[{"embeddable":true,"href":"https:\/\/test.tfciadedanca.mazaltec.com.br\/en\/wp-json\/wp\/v2\/media\/17359"}],"wp:attachment":[{"href":"https:\/\/test.tfciadedanca.mazaltec.com.br\/en\/wp-json\/wp\/v2\/media?parent=17358"}],"wp:term":[{"taxonomy":"post_tag","embeddable":true,"href":"https:\/\/test.tfciadedanca.mazaltec.com.br\/en\/wp-json\/wp\/v2\/tags?post=17358"},{"taxonomy":"tribe_events_cat","embeddable":true,"href":"https:\/\/test.tfciadedanca.mazaltec.com.br\/en\/wp-json\/wp\/v2\/tribe_events_cat?post=17358"}],"curies":[{"name":"wp","href":"https:\/\/api.w.org\/{rel}","templated":true}]}}

Corpos de Fronteira &#8211; Dança nas Bordas

<p dir="ltr"><em><strong><span class="il">Corpos de Fronteira n 7ª Edição do Dança</span> nas Bordas</strong></em></p>
<p dir="ltr">Programação<br />
De 22 de Abril a 19 de Maio de 2024</p>
<p dir="ltr"><strong>Corpos de Fronteira &#8211; Dia 11 de maio, 19h</strong></p>
<p>Espaço Cultural CITA<strong><br />
</strong>Rua Aroldo de Azevedo, 20, Jardim Bom Refugio, São Paulo / SP &#8211; CEP: 05.788-230</p>
<p>Grátis</p>

<p>Corpos de Fronteira n 7ª Edição do Dança nas Bordas Programação De 22 de Abril a 19 de Maio de 2024 Corpos de Fronteira &#8211; Dia 11 de maio, 19h Espaço Cultural CITA Rua Aroldo de Azevedo, 20, Jardim Bom Refugio, São Paulo / SP &#8211; CEP: 05.788-230 Grátis</p>
